{"id":2,"date":"2016-10-18T05:13:40","date_gmt":"2016-10-18T05:13:40","guid":{"rendered":"http:\/\/www.jardineriaelhayedo.com\/?page_id=2"},"modified":"2020-05-04T17:17:17","modified_gmt":"2020-05-04T15:17:17","slug":"nosotros","status":"publish","type":"page","link":"https:\/\/www.jardineriaelhayedo.com\/index.php\/nosotros\/","title":{"rendered":"Nosotros"},"content":{"rendered":"<p style=\"text-align: center;\">Somos una empresa en expansi\u00f3n. Nacida en el a\u00f1o 2005.<\/p>\n<p style=\"text-align: center;\">Nos dedicamos tanto al Dise\u00f1o y Creaci\u00f3n como al Mantenimiento de Jardines, dando servicio a todo lo relacionado con la Jardiner\u00eda en general.<\/p>\n<p style=\"text-align: center;\">Entramos en un Jard\u00edn y al salir es otro totaqlmente renovado.<\/p>\n<p style=\"text-align: center;\">Creamos jardines y rincones especiales.<\/p>\n<div class=\"main\">\n<section id=\"content\">\n<div class=\"container_24\">\n<div class=\"grid_16 prefix_1\" style=\"text-align: center;\">\n<p style=\"text-align: center;\">Estamos formados por un equipo de personas serias y responsables.<\/p>\n<p style=\"text-align: center;\">Nuestro equipo consta de personal profesional cualificado, contando entre 10 y 15 a\u00f1os de experiencia en el sector.<\/p>\n<p style=\"text-align: center;\">Un equipo en el que <em><strong>sabemos lo que hacemos<\/strong><\/em>&#8230;<\/p>\n<\/div>\n<p class=\"main\" style=\"text-align: center;\"><strong><img decoding=\"async\" loading=\"lazy\" class=\"size-full wp-image-286 aligncenter\" src=\"http:\/\/www.jardineriaelhayedo.com\/wp-content\/uploads\/2020\/05\/Jorge.jpg\" alt=\"\" width=\"100\" height=\"67\" \/><\/strong><strong>Jorge L\u00f3pez\u00a0<\/strong><i>(Administrador)<\/i><\/p>\n<div class=\"main\">\n<section id=\"content\">\n<div class=\"container_24\">\n<div class=\"grid_16 prefix_1\">\n<div class=\"wrap p-border top-8\">\n<div class=\"box-1\">\n<p style=\"text-align: center;\">En 2005 comenc\u00e9 esta andadura. Naci\u00f3 Jardiner\u00eda el Hayedo. Perfeccionista y detallista. Con m\u00e1s de 18 a\u00f1os de experiencia en el sector.<\/p>\n<p style=\"text-align: center;\">Mi lema es \u00abHacer las cosas como para uno mismo\u00bb.<\/p>\n<div class=\"main\">\n<section id=\"content\">\n<div class=\"container_24\">\n<div class=\"grid_6 prefix_1\">\n<div class=\"p-border top-4\">\n<div class=\"comment p-border\">\n<p class=\"it\" style=\"text-align: center;\">Todos y cada uno de los trabajos que realizamos, sean grandes o peque\u00f1os, los realizamos con la m\u00e1xima calidad y detalle.<\/p>\n<p class=\"text-2\" style=\"text-align: center;\"><a href=\"http:\/\/www.jardineriaelhayedo.com\/index.php\/mantenimiento-de-jardineria\/\">Mantenimiento de Jardines.<\/a><\/p>\n<p class=\"text-2\" style=\"text-align: center;\"><a href=\"http:\/\/www.jardineriaelhayedo.com\/index.php\/diseno-de-jardines\/\">Dise\u00f1o y Creaci\u00f3n de Jardines.<\/a><\/p>\n<p class=\"text-2\" style=\"text-align: center;\"><a href=\"http:\/\/www.jardineriaelhayedo.com\/index.php\/poda-de-arboles\/\">Poda de altura. Mediante trepa o elevadora. Tala y destoconado.<\/a><\/p>\n<p style=\"text-align: center;\"><a href=\"http:\/\/www.jardineriaelhayedo.com\/index.php\/cesped-natural-tepes\/\">C\u00e9sped natural en semilla o tepe<\/a>,\u00a0<a href=\"http:\/\/www.jardineriaelhayedo.com\/index.php\/cesped-artificial-2\/\">C\u00e9sped artificial.<\/a><\/p>\n<p class=\"text-2\" style=\"text-align: center;\"><a href=\"http:\/\/www.jardineriaelhayedo.com\/index.php\/desbroces-madrid\/\">Desbroces. Limpieza de parcelas. Trabajos forestales.<\/a><\/p>\n<p class=\"text-2\" style=\"text-align: center;\"><a href=\"http:\/\/www.jardineriaelhayedo.com\/index.php\/riego-automatico\/\">Riego Autom\u00e1tico.<\/a><\/p>\n<p class=\"text-2\" style=\"text-align: center;\"><a href=\"http:\/\/www.jardineriaelhayedo.com\/index.php\/endoterapia\/\">Tratamientos Fitosanitarios.\u00a0Endoterapia.<\/a><\/p>\n<\/div>\n<\/div>\n<\/div>\n<\/div>\n<\/section>\n<\/div>\n<\/div>\n<\/div>\n<\/div>\n<\/div>\n<\/section>\n<\/div>\n<\/div>\n<\/section>\n<\/div>\n","protected":false},"excerpt":{"rendered":"<p>Somos una empresa en expansi\u00f3n. Nacida en el a\u00f1o 2005. Nos dedicamos tanto al Dise\u00f1o y Creaci\u00f3n como al Mantenimiento de Jardines, dando servicio a todo lo relacionado con la Jardiner\u00eda en general. Entramos en un Jard\u00edn y al salir es otro totaqlmente renovado. Creamos jardines y rincones especiales. Estamos formados por un equipo de [&hellip;]<\/p>\n","protected":false},"author":1,"featured_media":0,"parent":0,"menu_order":0,"comment_status":"closed","ping_status":"open","template":"","meta":[],"yoast_head":"<!-- This site is optimized with the Yoast SEO plugin v19.12 - https:\/\/yoast.com\/wordpress\/plugins\/seo\/ -->\n<title>Nosotros - Mantenimiento de Jardines Madrid<\/title>\n<meta name=\"description\" content=\"Mantenimiento de Jardines. Dise\u00f1o y Creaci\u00f3n de Jardines. Poda de altura. C\u00e9sped artificial. C\u00e9sped natural tepes. Riego Autom\u00e1tico. Endoterapia. Desbroces.\" \/>\n<meta name=\"robots\" content=\"index, follow, max-snippet:-1, max-image-preview:large, max-video-preview:-1\" \/>\n<link rel=\"canonical\" href=\"http:\/\/www.jardineriaelhayedo.com\/index.php\/nosotros\/\" \/>\n<meta property=\"og:locale\" content=\"es_ES\" \/>\n<meta property=\"og:type\" content=\"article\" \/>\n<meta property=\"og:title\" content=\"Nosotros - Mantenimiento de Jardines Madrid\" \/>\n<meta property=\"og:description\" content=\"Mantenimiento de Jardines. Dise\u00f1o y Creaci\u00f3n de Jardines. Poda de altura. C\u00e9sped artificial. C\u00e9sped natural tepes. Riego Autom\u00e1tico. Endoterapia. Desbroces.\" \/>\n<meta property=\"og:url\" content=\"http:\/\/www.jardineriaelhayedo.com\/index.php\/nosotros\/\" \/>\n<meta property=\"og:site_name\" content=\"Mantenimiento de Jardines Madrid\" \/>\n<meta property=\"article:publisher\" content=\"https:\/\/www.facebook.com\/jardineriaelhayedo\/\" \/>\n<meta property=\"article:modified_time\" content=\"2020-05-04T15:17:17+00:00\" \/>\n<meta property=\"og:image\" content=\"http:\/\/www.jardineriaelhayedo.com\/wp-content\/uploads\/2020\/05\/Jorge.jpg\" \/>\n<meta name=\"twitter:card\" content=\"summary_large_image\" \/>\n<meta name=\"twitter:site\" content=\"@elhayedo\" \/>\n<meta name=\"twitter:label1\" content=\"Tiempo de lectura\" \/>\n\t<meta name=\"twitter:data1\" content=\"1 minuto\" \/>\n<script type=\"application\/ld+json\" class=\"yoast-schema-graph\">{\"@context\":\"https:\/\/schema.org\",\"@graph\":[{\"@type\":\"WebPage\",\"@id\":\"http:\/\/www.jardineriaelhayedo.com\/index.php\/nosotros\/\",\"url\":\"http:\/\/www.jardineriaelhayedo.com\/index.php\/nosotros\/\",\"name\":\"Nosotros - Mantenimiento de Jardines Madrid\",\"isPartOf\":{\"@id\":\"https:\/\/www.jardineriaelhayedo.com\/#website\"},\"datePublished\":\"2016-10-18T05:13:40+00:00\",\"dateModified\":\"2020-05-04T15:17:17+00:00\",\"description\":\"Mantenimiento de Jardines. Dise\u00f1o y Creaci\u00f3n de Jardines. Poda de altura. C\u00e9sped artificial. C\u00e9sped natural tepes. Riego Autom\u00e1tico. Endoterapia. Desbroces.\",\"breadcrumb\":{\"@id\":\"http:\/\/www.jardineriaelhayedo.com\/index.php\/nosotros\/#breadcrumb\"},\"inLanguage\":\"es\",\"potentialAction\":[{\"@type\":\"ReadAction\",\"target\":[\"http:\/\/www.jardineriaelhayedo.com\/index.php\/nosotros\/\"]}]},{\"@type\":\"BreadcrumbList\",\"@id\":\"http:\/\/www.jardineriaelhayedo.com\/index.php\/nosotros\/#breadcrumb\",\"itemListElement\":[{\"@type\":\"ListItem\",\"position\":1,\"name\":\"Portada\",\"item\":\"https:\/\/www.jardineriaelhayedo.com\/\"},{\"@type\":\"ListItem\",\"position\":2,\"name\":\"Nosotros\"}]},{\"@type\":\"WebSite\",\"@id\":\"https:\/\/www.jardineriaelhayedo.com\/#website\",\"url\":\"https:\/\/www.jardineriaelhayedo.com\/\",\"name\":\"Jardiner\u00eda el Hayedo S.L\",\"description\":\"Mantenimiento de Jardines, dise\u00f1o de jardines, poda de altura, riego autom\u00e1tico, c\u00e9sped natural y artificial.\",\"publisher\":{\"@id\":\"https:\/\/www.jardineriaelhayedo.com\/#organization\"},\"potentialAction\":[{\"@type\":\"SearchAction\",\"target\":{\"@type\":\"EntryPoint\",\"urlTemplate\":\"https:\/\/www.jardineriaelhayedo.com\/?s={search_term_string}\"},\"query-input\":\"required name=search_term_string\"}],\"inLanguage\":\"es\"},{\"@type\":\"Organization\",\"@id\":\"https:\/\/www.jardineriaelhayedo.com\/#organization\",\"name\":\"Jardiner\u00eda el Hayedo S.L\",\"url\":\"https:\/\/www.jardineriaelhayedo.com\/\",\"logo\":{\"@type\":\"ImageObject\",\"inLanguage\":\"es\",\"@id\":\"https:\/\/www.jardineriaelhayedo.com\/#\/schema\/logo\/image\/\",\"url\":\"http:\/\/www.jardineriaelhayedo.com\/wp-content\/uploads\/2016\/10\/logo.jpg\",\"contentUrl\":\"http:\/\/www.jardineriaelhayedo.com\/wp-content\/uploads\/2016\/10\/logo.jpg\",\"width\":503,\"height\":495,\"caption\":\"Jardiner\u00eda el Hayedo S.L\"},\"image\":{\"@id\":\"https:\/\/www.jardineriaelhayedo.com\/#\/schema\/logo\/image\/\"},\"sameAs\":[\"https:\/\/www.instagram.com\/jardineriaelhayedo\/\",\"https:\/\/es.pinterest.com\/elhayedo\/\",\"https:\/\/www.youtube.com\/channel\/UCnkqV1yS7_tKkXZfSmiL44w\",\"https:\/\/www.facebook.com\/jardineriaelhayedo\/\",\"https:\/\/twitter.com\/elhayedo\"]}]}<\/script>\n<!-- \/ Yoast SEO plugin. -->","yoast_head_json":{"title":"Nosotros - Mantenimiento de Jardines Madrid","description":"Mantenimiento de Jardines. Dise\u00f1o y Creaci\u00f3n de Jardines. Poda de altura. C\u00e9sped artificial. C\u00e9sped natural tepes. Riego Autom\u00e1tico. Endoterapia. Desbroces.","robots":{"index":"index","follow":"follow","max-snippet":"max-snippet:-1","max-image-preview":"max-image-preview:large","max-video-preview":"max-video-preview:-1"},"canonical":"http:\/\/www.jardineriaelhayedo.com\/index.php\/nosotros\/","og_locale":"es_ES","og_type":"article","og_title":"Nosotros - Mantenimiento de Jardines Madrid","og_description":"Mantenimiento de Jardines. Dise\u00f1o y Creaci\u00f3n de Jardines. Poda de altura. C\u00e9sped artificial. C\u00e9sped natural tepes. Riego Autom\u00e1tico. Endoterapia. Desbroces.","og_url":"http:\/\/www.jardineriaelhayedo.com\/index.php\/nosotros\/","og_site_name":"Mantenimiento de Jardines Madrid","article_publisher":"https:\/\/www.facebook.com\/jardineriaelhayedo\/","article_modified_time":"2020-05-04T15:17:17+00:00","og_image":[{"url":"http:\/\/www.jardineriaelhayedo.com\/wp-content\/uploads\/2020\/05\/Jorge.jpg"}],"twitter_card":"summary_large_image","twitter_site":"@elhayedo","twitter_misc":{"Tiempo de lectura":"1 minuto"},"schema":{"@context":"https:\/\/schema.org","@graph":[{"@type":"WebPage","@id":"http:\/\/www.jardineriaelhayedo.com\/index.php\/nosotros\/","url":"http:\/\/www.jardineriaelhayedo.com\/index.php\/nosotros\/","name":"Nosotros - Mantenimiento de Jardines Madrid","isPartOf":{"@id":"https:\/\/www.jardineriaelhayedo.com\/#website"},"datePublished":"2016-10-18T05:13:40+00:00","dateModified":"2020-05-04T15:17:17+00:00","description":"Mantenimiento de Jardines. Dise\u00f1o y Creaci\u00f3n de Jardines. Poda de altura. C\u00e9sped artificial. C\u00e9sped natural tepes. Riego Autom\u00e1tico. Endoterapia. Desbroces.","breadcrumb":{"@id":"http:\/\/www.jardineriaelhayedo.com\/index.php\/nosotros\/#breadcrumb"},"inLanguage":"es","potentialAction":[{"@type":"ReadAction","target":["http:\/\/www.jardineriaelhayedo.com\/index.php\/nosotros\/"]}]},{"@type":"BreadcrumbList","@id":"http:\/\/www.jardineriaelhayedo.com\/index.php\/nosotros\/#breadcrumb","itemListElement":[{"@type":"ListItem","position":1,"name":"Portada","item":"https:\/\/www.jardineriaelhayedo.com\/"},{"@type":"ListItem","position":2,"name":"Nosotros"}]},{"@type":"WebSite","@id":"https:\/\/www.jardineriaelhayedo.com\/#website","url":"https:\/\/www.jardineriaelhayedo.com\/","name":"Jardiner\u00eda el Hayedo S.L","description":"Mantenimiento de Jardines, dise\u00f1o de jardines, poda de altura, riego autom\u00e1tico, c\u00e9sped natural y artificial.","publisher":{"@id":"https:\/\/www.jardineriaelhayedo.com\/#organization"},"potentialAction":[{"@type":"SearchAction","target":{"@type":"EntryPoint","urlTemplate":"https:\/\/www.jardineriaelhayedo.com\/?s={search_term_string}"},"query-input":"required name=search_term_string"}],"inLanguage":"es"},{"@type":"Organization","@id":"https:\/\/www.jardineriaelhayedo.com\/#organization","name":"Jardiner\u00eda el Hayedo S.L","url":"https:\/\/www.jardineriaelhayedo.com\/","logo":{"@type":"ImageObject","inLanguage":"es","@id":"https:\/\/www.jardineriaelhayedo.com\/#\/schema\/logo\/image\/","url":"http:\/\/www.jardineriaelhayedo.com\/wp-content\/uploads\/2016\/10\/logo.jpg","contentUrl":"http:\/\/www.jardineriaelhayedo.com\/wp-content\/uploads\/2016\/10\/logo.jpg","width":503,"height":495,"caption":"Jardiner\u00eda el Hayedo S.L"},"image":{"@id":"https:\/\/www.jardineriaelhayedo.com\/#\/schema\/logo\/image\/"},"sameAs":["https:\/\/www.instagram.com\/jardineriaelhayedo\/","https:\/\/es.pinterest.com\/elhayedo\/","https:\/\/www.youtube.com\/channel\/UCnkqV1yS7_tKkXZfSmiL44w","https:\/\/www.facebook.com\/jardineriaelhayedo\/","https:\/\/twitter.com\/elhayedo"]}]}},"jetpack_sharing_enabled":true,"jetpack_likes_enabled":true,"jetpack-related-posts":[{"id":23,"url":"https:\/\/www.jardineriaelhayedo.com\/","url_meta":{"origin":2,"position":0},"title":"Jardiner\u00eda Madrid","date":"18\/10\/2016","format":false,"excerpt":"Nos dedicamos al Mantenimiento de jardines Madrid. Dise\u00f1o y Creaci\u00f3n de Jardines de empresa, comunitarios \u00f3 privados. Estudio e instalaci\u00f3n de sistema de riego autom\u00e1tico. Con suministro de agua del canal o con grupo de presion y agua de pozo. Tratamientos fitosanitarios, especializados en todo tipo de plagas. Tratamientos de\u2026","rel":"","context":"Entrada similar","img":{"alt_text":"Mantenimiento de jardines Madrid. Jardiner\u00eda Madrid. Jardineros Madrid","src":"https:\/\/i0.wp.com\/www.jardineriaelhayedo.com\/wp-content\/uploads\/2020\/05\/Mantenimiento-de-jardines-madrid.jpg?resize=350%2C200&ssl=1","width":350,"height":200},"classes":[]},{"id":72,"url":"https:\/\/www.jardineriaelhayedo.com\/index.php\/diseno-de-jardines-madrid\/","url_meta":{"origin":2,"position":1},"title":"Dise\u00f1o de jardines","date":"18\/10\/2016","format":false,"excerpt":"01. Plano Maestro: Realizaci\u00f3n de una primera idea en Plano. Primera toma de contacto con su nuevo jard\u00edn, tomamos medidas y empezamos a ver las posibilidades que ofrece, as\u00ed como la orientaci\u00f3n y horas de sol, tipo de terreno y sobre todo usted empieza a darnos sus primeras ideas... Para\u2026","rel":"","context":"Entrada similar","img":{"alt_text":"","src":"","width":0,"height":0},"classes":[]},{"id":155,"url":"https:\/\/www.jardineriaelhayedo.com\/index.php\/poda-de-arboles-madrid\/","url_meta":{"origin":2,"position":2},"title":"Poda de arboles","date":"30\/11\/2018","format":false,"excerpt":"Un Arbolado en mal estado supone un problema para las personas o inmuebles. Realizamos poda de arboles en Madrid principalmente, aunque trabajamos por todo el territorio Nacional. Utilizamos el metodo mediante trepa, la cual nos permite podar \u00f3 talar ejemplares de dif\u00edcil acceso. Contamos con\u00a0Seguro de Responsabilidad Civil y Prevenci\u00f3n\u2026","rel":"","context":"Entrada similar","img":{"alt_text":"","src":"https:\/\/i0.wp.com\/www.jardineriaelhayedo.com\/wp-content\/uploads\/2020\/05\/Poda-de-arboles-Madrid-150x150.jpg?resize=350%2C200&ssl=1","width":350,"height":200},"classes":[]},{"id":102,"url":"https:\/\/www.jardineriaelhayedo.com\/index.php\/riego-automatico\/","url_meta":{"origin":2,"position":3},"title":"Riego autom\u00e1tico","date":"24\/11\/2018","format":false,"excerpt":"El riego autom\u00e1tico es hoy en d\u00eda uno de los aspectos imprescindibles en el jard\u00edn, es la mejor forma de asegurar que nuestro jard\u00edn recibe el agua que necesita. No importa que sea un jard\u00edn peque\u00f1o, el automatizar el sistema de riego nos ahorrar\u00e1 mucho tiempo y dinero en el\u2026","rel":"","context":"Entrada similar","img":{"alt_text":"Riego autom\u00e1tico. Jardineria Madrid. Mantenimiento de jardines Madrid","src":"https:\/\/i0.wp.com\/www.jardineriaelhayedo.com\/wp-content\/uploads\/2020\/05\/riego-autom\u00e1tico.jpg?resize=350%2C200&ssl=1","width":350,"height":200},"classes":[]},{"id":28,"url":"https:\/\/www.jardineriaelhayedo.com\/index.php\/mantenimiento-de-jardineria-madrid\/","url_meta":{"origin":2,"position":4},"title":"Mantenimiento de jardiner\u00eda","date":"18\/10\/2016","format":false,"excerpt":"Ofrecemos 2 tipos de Mantenimiento Mantenimiento de Jardiner\u00eda B\u00e1sico : - Siega de c\u00e9sped con perfilado de borde. - Perfilado de arbustos y setos. - Limpieza de jard\u00edn. - Riego de macetas. - Recorte de rosales y plantas. - Recorte de ariz\u00f3nica. - Entrecavado de macizos. - Tratamientos fitosanitarios. -\u2026","rel":"","context":"Entrada similar","img":{"alt_text":"","src":"https:\/\/i0.wp.com\/www.jardineriaelhayedo.com\/wp-content\/uploads\/2016\/10\/corte-de-cesped-300x198.jpg?resize=350%2C200","width":350,"height":200},"classes":[]},{"id":293,"url":"https:\/\/www.jardineriaelhayedo.com\/index.php\/cesped-natural-tepes\/","url_meta":{"origin":2,"position":5},"title":"C\u00e9sped natural tepes","date":"04\/05\/2020","format":false,"excerpt":"Instalamos c\u00e9sped natural tepes en Madrid. Creamos su pradera de la forma tradicional con semilla o con la cada d\u00eda m\u00e1s extendida de la instalaci\u00f3n de tepe (c\u00e9sped natural en rollos). El tepe es un c\u00e9sped natural de alta calidad cultivado en los viveros hasta sus condiciones id\u00f3neas para la\u2026","rel":"","context":"Entrada similar","img":{"alt_text":"C\u00e9sped Madrid. Tepe Madrid","src":"https:\/\/i0.wp.com\/www.jardineriaelhayedo.com\/wp-content\/uploads\/2020\/05\/c\u00e9sped-Madrid.jpg?resize=350%2C200&ssl=1","width":350,"height":200},"classes":[]}],"_links":{"self":[{"href":"https:\/\/www.jardineriaelhayedo.com\/index.php\/wp-json\/wp\/v2\/pages\/2"}],"collection":[{"href":"https:\/\/www.jardineriaelhayedo.com\/index.php\/wp-json\/wp\/v2\/pages"}],"about":[{"href":"https:\/\/www.jardineriaelhayedo.com\/index.php\/wp-json\/wp\/v2\/types\/page"}],"author":[{"embeddable":true,"href":"https:\/\/www.jardineriaelhayedo.com\/index.php\/wp-json\/wp\/v2\/users\/1"}],"replies":[{"embeddable":true,"href":"https:\/\/www.jardineriaelhayedo.com\/index.php\/wp-json\/wp\/v2\/comments?post=2"}],"version-history":[{"count":13,"href":"https:\/\/www.jardineriaelhayedo.com\/index.php\/wp-json\/wp\/v2\/pages\/2\/revisions"}],"predecessor-version":[{"id":295,"href":"https:\/\/www.jardineriaelhayedo.com\/index.php\/wp-json\/wp\/v2\/pages\/2\/revisions\/295"}],"wp:attachment":[{"href":"https:\/\/www.jardineriaelhayedo.com\/index.php\/wp-json\/wp\/v2\/media?parent=2"}],"curies":[{"name":"wp","href":"https:\/\/api.w.org\/{rel}","templated":true}]}}